lculate the remainder when 8579 is divided by 130.
129
Calculate the remainder when 332 is divided by 84.
80
Calculate the remainder when 56 is divided by 23.
10
What is the remainder when 20275 is divided by 26?
21
What is the remainder when 4194 is divided by 301?
281
What is the remainder when 5186 is divided by 13?
12
Calculate the remainder when 1753 is divided by 344.
33
Calculate the remainder when 1184 is divided by 125.
59
What is the remainder when 367 is divided by 116?
19
What is the remainder when 331 is divided by 119?
93
Calculate the remainder when 892 is divided by 95.
37
Calculate the remainder when 932 is divided by 133.
1
Calculate the remainder when 194 is divided by 15.
14
What is the remainder when 248 is divided by 51?
44
What is the remainder when 1994 is divided by 133?
132
What is the remainder when 426 is divided by 29?
20
What is the remainder when 907 is divided by 225?
7
Calculate the remainder when 423 is divided by 209.
5
Calculate the remainder when 287 is divided by 9.
8
What is the remainder when 1602 is divided by 255?
72
Calculate the remainder when 1001 is divided by 12.
5
Calculate the remainder when 47 is divided by 17.
13
Calculate the remainder when 255 is divided by 13.
8
Calculate the remainder when 141 is divided by 70.
1
What is the remainder when 211 is divided by 25?
11
Calculate the remainder when 109 is divided by 8.
5
Calculate the remainder when 46 is divided by 39.
7
Calculate the remainder when 279 is divided by 13.
6
Calculate the remainder when 164 is divided by 83.
81
What is the remainder when 82 is divided by 78?
4
Calculate the remainder when 5288 is divided by 143.
140
What is the remainder when 353 is divided by 27?
2
Calculate the remainder when 175 is divided by 37.
27
Calculate the remainder when 39555 is divided by 116.
115
Calculate the remainder when 17211 is divided by 114.
111
Calculate the remainder when 1306 is divided by 16.
10
What is the remainder when 130 is divided by 39?
13
Calculate the remainder when 160 is divided by 9.
7
What is the remainder when 47 is divided by 17?
13
What is the remainder when 261 is divided by 24?
21
What is the remainder when 6716 is divided by 3355?
6
What is the remainder when 79 is divided by 30?
19
What is the remainder when 538 is divided by 16?
10
What is the remainder when 312 is divided by 97?
21
Calculate the remainder when 21 is divided by 4.
1
Calculate the remainder when 40 is divided by 20.
0
Calculate the remainder when 31821 is divided by 36.
33
What is the remainder when 139 is divided by 30?
19
What is the remainder when 104 is divided by 70?
34
Calculate the remainder when 142 is divided by 117.
25
Calculate the remainder when 486 is divided by 426.
60
What is the remainder when 261 is divided by 36?
9
What is the remainder when 5937 is divided by 66?
63
Calculate the remainder when 190 is divided by 82.
26
What is the remainder when 830 is divided by 270?
20
What is the remainder when 25 is divided by 12?
1
Calculate the remainder when 92 is divided by 48.
44
What is the remainder when 180 is divided by 23?
19
What is the remainder when 70 is divided by 18?
16
Calculate the remainder when 438 is divided by 176.
86
Calculate the remainder when 39357 is divided by 123.
120
Calculate the remainder when 963 is divided by 106.
9
What is the remainder when 458 is divided by 9?
8
Calculate the remainder when 853 is divided by 57.
55
Calculate the remainder when 392 is divided by 47.
16
Calculate the remainder when 101 is divided by 32.
5
What is the remainder when 1708 is divided by 9?
7
What is the remainder when 434 is divided by 17?
9
What is the remainder when 166 is divided by 151?
15
Calculate the remainder when 931 is divided by 39.
34
What is the remainder when 851 is divided by 57?
53
What is the remainder when 97 is divided by 22?
9
What is the remainder when 108 is divided by 29?
21
What is the remainder when 99 is divided by 42?
15
What is the remainder when 696 is divided by 41?
40
Calculate the remainder when 1154 is divided by 33.
32
What is the remainder when 213 is divided by 53?
1
What is the remainder when 651 is divided by 82?
77
What is the remainder when 1161 is divided by 176?
105
Calculate the remainder when 69 is divided by 32.
5
Calculate the remainder when 380 is divided by 164.
52
Calculate the remainder when 2451 is divided by 205.
196
What is the remainder when 208 is divided by 60?
28
What is the remainder when 223 is divided by 168?
55
Calculate the remainder when 130 is divided by 38.
16
Calculate the remainder when 26089 is divided by 117.
115
Calculate the remainder when 846 is divided by 121.
120
Calculate the remainder when 356 is divided by 36.
32
What is the remainder when 163 is divided by 61?
41
Calculate the remainder when 121 is divided by 9.
4
Calculate the remainder when 19 is divided by 7.
5
Calculate the remainder when 101 is divided by 13.
10
Calculate the remainder when 3239 is divided by 645.
14
What is the remainder when 3390 is divided by 103?
94
Calculate the remainder when 4091 is divided by 66.
65
What is the remainder when 643 is divided by 38?
35
What is the remainder when 297 is divided by 77?
66
Calculate the remainder when 829 is divided by 269.
22
What is the remainder when 148 is divided by 76?
72
What is the remainder when 215 is divided by 31?
29
What is the remainder when 106 is divided by 88?
18
Calculate the remainder when 192 is divided by 25.
17
Calculate the remainder when 47 is divided by 2.
1
Calculate the remainder when 34451 is divided by 261.
260
What is the remainder when 86 is divided by 18?
14
What is the remainder when 375 is divided by 21?
18
What is the remainder when 392 is divided by 182?
28
What is the remainder when 487 is divided by 71?
61
Calculate the remainder when 179 is divided by 160.
19
What is the remainder when 1719 is divided by 19?
9
What is the remainder when 17074 is divided by 12?
10
Calculate the remainder when 397 is divided by 40.
37
What is the remainder when 3892 is divided by 1937?
18
What is the remainder when 2411 is divided by 598?
19
Calculate the remainder when 85 is divided by 22.
19
Calculate the remainder when 645 is divided by 104.
21
Calculate the remainder when 2131 is divided by 2106.
25
Calculate the remainder when 268 is divided by 46.
38
What is the remainder when 482 is divided by 27?
23
Calculate the remainder when 209 is divided by 65.
14
Calculate the remainder when 38 is divided by 23.
15
Calculate the remainder when 429 is divided by 30.
9
What is the remainder when 442 is divided by 75?
67
Calculate the remainder when 6634 is divided by 162.
154
Calculate the remainder when 222 is divided by 76.
70
Calculate the remainder when 488 is divided by 95.
13
What is the remainder when 688 is divided by 6?
4
What is the remainder when 8157 is divided by 51?
48
Calculate the remainder when 451 is divided by 22.
11
Calculate the remainder when 79 is divided by 5.
4
What is the remainder when 1178 is divided by 10?
8
Calculate the remainder when 270 is divided by 25.
20
Calculate the remainder when 362 is divided by 33.
32
What is the remainder when 88 is divided by 41?
6
Calculate the remainder when 2196 is divided by 200.
196
Calculate the remainder when 571 is divided by 22.
21
Calculate the remainder when 322 is divided by 225.
97
Calculate the remainder when 375 is divided by 16.
7
Calculate the remainder when 3198 is divided by 33.
30
Calculate the remainder when 791 is divided by 14.
7
Calculate the remainder when 747 is divided by 68.
67
Calculate the remainder when 2832 is divided by 219.
204
What is the remainder when 687 is divided by 46?
43
What is the remainder when 1624 is divided by 161?
14
What is the remainder when 60 is divided by 27?
6
Calculate the remainder when 679 is divided by 68.
67
What is the remainder when 147 is divided by 51?
45
What is the remainder when 271 is divided by 130?
11
Calculate the remainder when 904 is divided by 76.
68
What is the remainder when 2807 is divided by 24?
23
What is the remainder when 44 is divided by 24?
20
Calculate the remainder when 1231 is divided by 13.
9
What is the remainder when 209 is divided by 6?
5
What is the remainder when 4913 is divide